mine l(i).
-6
Let z be -4 + 2 + -3 - 1. Let g(b) = -3*b**3 + 23*b**2 + 20*b + 17. Let s(l) = -l**3 + 8*l**2 + 7*l + 6. Let a(m) = z*g(m) + 17*s(m). What is a(3)?
6
Let c be (-3)/((-1)/4*-3). Let z(u) = -u**3 + 3*u + 2. Let h be (-25)/5*(-8)/10. Let d(l) = -l**3 - l**2 + 3*l + 2. Let i(w) = h*d(w) - 3*z(w). Give i(c).
-10
Suppose -2*s - 2*s + 5*a = -36, 0 = -3*s + 2*a + 20. Let j(g) be the first derivative of -g**4/4 + 4*g**3/3 + g**2/2 + 2*g + 5. Give j(s).
6
Let o(f) = 5 + f - 108*f**2 - 4 + 107*f**2 - 2*f**3. What is o(-2)?
11
Let c(d) = -3*d - 13. Let a be c(-9). Let g = -15 + a. Let i(o) = -15*o**3 + o. Give i(g).
14
Suppose 3*q - 7 = -2*b, 0 = -3*b + 8*q - 3*q - 37. Suppose -7*o = -2*o - 20. Let z(r) = -o + 5*r - 4*r + 2. Give z(b).
-6
Let x(n) = n**2 - 4*n - 2. Let p = -26 + 30. Give x(p).
-2
Let g(s) = s**2 - 6*s + 6. Let b be g(5). Let k(f) = -9*f - 1. What is k(b)?
-10
Let k(w) be the second derivative of w**3/6 + 3*w**2/2 + 2*w + 7. What is k(-8)?
-5
Let g(c) be the second derivative of c**3/6 - c. Suppose 3*o = -o - 40. Let w = o + 15. Calculate g(w).
5
Let s(z) = 3*z**3 - 23*z**2 + 1 + 23*z**2 + 8*z**3. Determine s(1).
12
Let n(j) be the third derivative of j**4/6 + j**3/6 - j**2. Determine n(1).
5
Let p(w) = -3 + 1 + 87*w - 86*w. Calculate p(5).
3
Suppose -3*j + 4 = -2*f + f, 0 = -f + 4*j - 7. Suppose -3*g + 1 = -f*r, -r - 6 = 3*r - 5*g. Let c(k) = r - 3 + k**2 - k**3 - 2*k - 6*k**2. Give c(-5).
8
Let b(o) = 4*o + 6. Suppose -4*v - 3*m = 31, 2*m + 3*m = -4*v - 41. What is b(v)?
-10
Suppose -2*x = -w + 3*x + 14, -w - 4*x - 22 = 0. Let v(h) = -h + 3. What is v(w)?
9
Suppose 3*f - 4*g - 10 = 0, 4*f + 0*f - 13 = 5*g. Let j(z) = 7*z + 3*z + z**f - 3*z + 3. Give j(-5).
-7
Let d(g) = g - 9. Let l be d(8). Let b(w) = -w + 1. Determine b(l).
2
Let h(f) = -f**3 - 5*f**2 - 4*f + 3. Let w be h(-4). Let d(g) = -6*g**2 + w - 2 + 9*g**2. What is d(1)?
4
Let z(u) be the first derivative of -u**2 + 4 + 2/3*u**3 + 3*u + 1/4*u**4. Calculate z(-3).
0
Suppose g = -g. Suppose g = 2*c - 2 - 2. Let a(r) = 0*r + 3*r + 5*r + r**c - 5 - 2*r. Determine a(-6).
-5
Let m = -12 - -17. Let j = m + -5. Let k(h) = h + 0 + j + 3. Give k(-5).
-2
Let a(g) = -3*g. Let t(v) = -8 - 3*v + 11 - 4. Let x(l) = -3*a(l) + 2*t(l). Let y(j) = -j**3 + 5*j**2 - 4*j + 3. Let q be y(4). Calculate x(q).
7
Let s(t) = -t + 8. Let i be s(4). Let f(w) = -w**3 - w**2 - w + 1. Let c(l) = -2*l**3 + 4*l**2 - 8*l + 6. Let j(d) = -c(d) + f(d). Calculate j(i).
7
Let d(x) = -20*x**3 + 3*x**2 - 14*x + 62. Let k(l) = 7*l**3 - l**2 + 5*l - 21. Let i(z) = 6*d(z) + 17*k(z). Calculate i(0).
15
Let q(k) = -5*k**3 - 4*k**2 - 12 + 4*k**3 + 3*k + 16. Calculate q(-4).
-8
Let i(u) be the first derivative of -3*u**2 + u - 1. Suppose 0 = 5*f + 3*l, -f = -3*f + l + 11. Suppose -f*h + 15 = 0, k - 11 = -0*k - 2*h. What is i(k)?
-5
Let o be 2/(-2) + -12 + 8. Let n be (-1)/2*(o - -5). Let u(t) = t**3 - 6. Determine u(n).
-6
Let f be (4/6)/((-2)/(-6)). Let k(z) = -8 - 6*z + 2 - z**f + 1. What is k(-4)?
3
Let q(v) = v**3 - 4*v - 3. Let k be (-7)/35 - (-27)/(-15). What is q(k)?
-3
Let a(i) be the third derivative of 1/40*i**5 + 1/3*i**3 + 0*i + 0 + 1/4*i**4 + 3*i**2. Let m(u) be the first derivative of a(u). Determine m(-4).
-6
Let i(b) = 5*b**2 + 1. Let s(x) = -8*x**2 + 8*x + 1. Let j(n) = -7*n**2 + 7*n + 1. Let a(u) = -7*j(u) + 6*s(u). Let k be a(0). Calculate i(k).
6
Let z be (-18)/(3/(6/4)). Let k(i) = -3*i**3 + 8*i**2 + 2*i + 9. Let s(c) = -13*c**3 + 33*c**2 + 9*c + 37. Let m(l) = z*k(l) + 2*s(l). Give m(6).
-7
Let q(g) = -5*g**2 - g**2 + 10*g**2 - 3 - 5*g - 2*g**2. Give q(4).
9
Let g(y) = -6*y**3 + 7*y**2 + 4*y - 4. Let s(v) = -v**3 + v**2 + v - 1. Let u(r) = -g(r) + 5*s(r). Calculate u(1).
-1
Let u(r) = r**2 + 2*r - 3. Let t be (3/2)/((-15)/40). Give u(t).
5
Suppose -p + 17 - 15 = 0. Let m(z) be the third derivative of 1/24*z**4 - 3*z**p + 5/6*z**3 + 0 + 0*z. Calculate m(4).
9
Let a(m) = -m**3 - 5*m**2 + 5*m. Let h be a(-6). Let q = h + -7. Let b(p) = 5*p**3 + p + 1. Determine b(q).
-5
Let g = -7 + 2. Let y(p) = -p**2 - 6*p - 1. Determine y(g).
4
Let f = 2 - 5. Suppose 4*u - 2*u = -d + 11, 0 = -4*u + d + 7. Let l(v) = -1 + 3*v + u - 2*v. Give l(f).
-1
Let y(x) = x**2 + 41*x - 21*x + 7 - 29*x. Determine y(6).
-11
Let y = 56 - 35. Suppose -4*m - 3*m = y. Let w(k) = 0*k - 3*k - 2 + 4*k. What is w(m)?
-5
Let t(c) = 2*c + 2 - 1 + 2*c**2 + 0*c. Give t(-1).
1
Suppose o = 4*q - 3, 3*o + 0*o - 9 = 3*q. Let a(y) = -y**3 + 3*y**2 - 2. Determine a(q).
2
Let d(t) = t**2 - t + 4. Let k(j) be the first derivative of -j**3/3 + 4*j**2 + j - 3. Let a be k(8). Let h = 1 - a. Determine d(h).
4
Let p(f) = -f**2 - f + 2. Let i be (-10 + 10)/((-6)/(-2)). Suppose -6*l + l = i. Calculate p(l).
2
Let q(j) be the first derivative of j**2/2 + 5*j + 10. What is q(-4)?
1
Suppose 2*z + 4 = 6*z. Let i(p) = -11*p**2 + 3*p - 2. Let m(u) = -45*u**2 + 13*u - 9. Let j(l) = 9*i(l) - 2*m(l). Determine j(z).
-8
Let s(w) = -3*w - 1. Let x be s(2). Let d(g) be the first derivative of g**3/3 + 7*g**2/2 - 2*g - 13. What is d(x)?
-2
Let t(o) = 20*o**2 - 32*o + 6. Let w(q) = -7*q**2 + 11*q - 2. Let i(v) = -6*t(v) - 17*w(v). What is i(7)?
-16
Let t(c) = -c**3 - 5*c**2 - c - 5. Suppose 50 = 7*d + 78. Calculate t(d).
-17
Let h(p) = p + 1. Suppose 6 = -4*k + k. Let x be 6/(-4)*4/k. Let a(o) = 6*o + 6. Let r(l) = x*h(l) - a(l). Give r(-2).
3
Let f = -8 + 11. Let q = -1 + 3. Let i(l) = -l**q - 3*l + 4*l - 2*l + 3*l - 3. Calculate i(f).
-6
Let u(q) = -q**2 + 3*q + 3. Let g(n) = -n. Let r be g(-4). Give u(r).
-1
Suppose 2*w - 10 = -o, 5*o = -3*w + 9 - 1. Let d(y) = -w + 2 - 6*y + 4*y. Calculate d(3).
-10
Let b be (-7 + 7)*(1 - 2). Suppose 3 = -u, 2*u + b*u - 4 = -5*l. Let g(a) = 2*a - 3. Calculate g(l).
1
Let l = -66 - -75. Let z(n) = n**2 - 10*n + 5. Give z(l).
-4
Let i(s) be the second derivative of -5*s**3/6 - 3*s**2/2 - 21*s. What is i(-3)?
12
Let m(h) = 4*h + 1. Suppose 0 = k + k - 16. Let a = 9 - k. Give m(a).
5
Let p = 43 + -42. Let r(b) = 5*b - 1. Determine r(p).
4
Let y(x) be the third derivative of x**4/24 - 2*x**3/3 - x**2. Suppose -c + 22 = g - 6*g, 5*c - 18 = 2*g. Let j be (-1)/(c - (-18)/(-8)). Give y(j).
0
Let j(u) = -u + 3. Let x(n) = 2*n**2 - 5*n + 2. Let q be x(3). Give j(q).
-2
Let o(w) = 5 + 0 + 3 - 2*w + w. Suppose -i = -4 - 2. Give o(i).
2
Let w be 1/((-15)/(-12) - (1 - 0)). Let g(k) = -2*k**2 + 5*k + 1. What is g(w)?
-11
Suppose 2*c = -3*t + 7, -2*t + 23 = t - 2*c. Let n(q) = -7*q**2 + 2*q**2 + 1 + q**2 + 3*q**2 + 4*q. Give n(t).
-4
Suppose 2*r = 4*r + 38. Let j = -10 - r. Let k(s) = j + s**2 - 2*s**2 + 2*s - s. Calculate k(0).
9
Let g = 3 + -1. Let r(y) = -y + 1 + y**g + 6*y + 0*y**2. Suppose -2*d + t - 6 = 0, 0 - 2 = t. Give r(d).
-3
Let y(x) be the first derivative of x**6/360 + x**5/30 + x**4/6 - x**3/3 - 1. Let z(j) be the third derivative of y(j). Calculate z(-4).
4
Let f(t) be the second derivative of -t**4/12 - t**3/2 + t**2/2 + 2*t - 2. Give f(-2).
3
Let c(h) = h + 5. Let s be c(-5). Let d(q) = 0 + s - q - 1. What is d(-4)?
3
Let v = -3 - -7. Suppose -5*u - 3*m + 7 = -8, -4*u + v*m + 44 = 0. Let f(d) = -d**2 + 6*d + 1. What is f(u)?
1
Let r be 30/(-70) + (-4)/7. Let c(u) = -2*u**3 - 2*u - 1. Give c(r).
3
Let h be (-1 - 2)*19/3. Let i = h - -24. Let w(y) = -y**2 + y + 5. Calculate w(i).
-15
Let u(p) = 15*p - 4*p - 4*p - 2*p. Calculate u(1).
5
Let s(y) be the second derivative of -2*y + 2/3*y**3 + 0*y**2 - 1/12*y**4 + 0. Let w be ((-3)/(-1))/((-3)/(-4)). Give s(w).
0
Let v = 1 + 8. Let r(f) = -20*f - 6 + 10*f + v*f. Determine r(-3).
-3
Let p(f) = f**3 - f**2 + f + 9. Suppose -z = -0*z - 2. Let o(q) = q**3 - 2*q. Let h be o(z). Suppose -2*u + v = -v - 4, 0 = h*v + 8. What is p(u)?
9
Let t(q) be the second derivative of -q**5/20 + 7*q**4/12 - 2*q**3/3 - 3*q**2/2 - 32*q. Calculate t(6).
9
Let i(j) = -j**2 - 6*j + 2. Let x be i(-6). Suppose 2*f - 3 = 1. Suppose -4*c + f*g - 4 = -2*g, x*g = -c - 4. Let s(d) = -d**3 - 4*d**2 - 2*d - 3. Give s(c).
-7
Let s(r) = -2*r - 1. Suppose -4*z - z = -20. Let y = z - 10. What is s(y)?
11
Let a(j) = -j**2 - 2*j - 1. Let w(c) = c**3 + 5*c**2 + 2*c - 9. Let h be w(-4). Give a(h).
0
Let q(p) be the second derivative of -p**3/2 - p**2/2 + 15*p. Give q(1).
-4
Let j(z) = z**3 + 4*z**2 + 3*z. Let u = 7 -